0012?
2
What is the hundreds digit of 17994533?
5
What is the thousands digit of 536346?
6
What is the ten millions digit of 10533872?
1
What is the tens digit of 418219?
1
What is the ten thousands digit of 4140758?
4
What is the ten thousands digit of 131991?
3
What is the hundred thousands digit of 1416326?
4
What is the ten thousands digit of 732450?
3
What is the hundred thousands digit of 3432626?
4
What is the thousands digit of 13692456?
2
What is the units digit of 179850?
0
What is the hundred thousands digit of 2845147?
8
What is the tens digit of 3715467?
6
What is the units digit of 2685047?
7
What is the hundred thousands digit of 22785505?
7
What is the ten thousands digit of 32046?
3
What is the units digit of 321535?
5
What is the hundred thousands digit of 18875468?
8
What is the hundreds digit of 544656?
6
What is the millions digit of 1434587?
1
What is the ten millions digit of 25063264?
2
What is the hundred thousands digit of 1112409?
1
What is the hundred thousands digit of 1164254?
1
What is the units digit of 3020336?
6
What is the ten thousands digit of 58755?
5
What is the hundred thousands digit of 476295?
4
What is the hundred thousands digit of 1210685?
2
What is the hundreds digit of 767496?
4
What is the thousands digit of 4207509?
7
What is the hundred thousands digit of 567631?
5
What is the millions digit of 2619098?
2
What is the ten thousands digit of 3549789?
4
What is the hundreds digit of 19184?
1
What is the tens digit of 163975?
7
What is the thousands digit of 9083614?
3
What is the hundred thousands digit of 598533?
5
What is the ten thousands digit of 464052?
6
What is the ten thousands digit of 896595?
9
What is the thousands digit of 2283141?
3
What is the hundreds digit of 3593087?
0
What is the tens digit of 2217946?
4
What is the units digit of 566291?
1
What is the units digit of 11101098?
8
What is the thousands digit of 512522?
2
What is the hundred thousands digit of 3583792?
5
What is the hundred thousands digit of 1237593?
2
What is the tens digit of 317425?
2
What is the thousands digit of 311883?
1
What is the hundred thousands digit of 321665?
3
What is the tens digit of 9065828?
2
What is the tens digit of 345612?
1
What is the tens digit of 5302471?
7
What is the units digit of 6374815?
5
What is the thousands digit of 271019?
1
What is the tens digit of 1299496?
9
What is the tens digit of 8412090?
9
What is the thousands digit of 1146290?
6
What is the hundreds digit of 303423?
4
What is the hundreds digit of 298158?
1
What is the tens digit of 13038963?
6
What is the hundreds digit of 221015?
0
What is the tens digit of 200895?
9
What is the ten thousands digit of 6515469?
1
What is the tens digit of 221866?
6
What is the tens digit of 616962?
6
What is the units digit of 18168237?
7
What is the millions digit of 6544943?
6
What is the thousands digit of 517341?
7
What is the units digit of 164571?
1
What is the hundreds digit of 18759966?
9
What is the tens digit of 160528?
2
What is the millions digit of 1960239?
1
What is the hundred thousands digit of 204152?
2
What is the thousands digit of 607768?
7
What is the thousands digit of 496190?
6
What is the units digit of 8204239?
9
What is the ten thousands digit of 901688?
0
What is the units digit of 116066?
6
What is the ten thousands digit of 6827559?
2
What is the ten thousands digit of 247897?
4
What is the millions digit of 4543764?
4
What is the hundred thousands digit of 34643247?
6
What is the units digit of 602121?
1
What is the tens digit of 9099983?
8
What is the units digit of 193610?
0
What is the tens digit of 565766?
6
What is the ten thousands digit of 839040?
3
What is the ten thousands digit of 12799591?
9
What is the units digit of 221975?
5
What is the tens digit of 207869?
6
What is the hundred thousands digit of 510959?
5
What is the ten thousands digit of 113103?
1
What is the tens digit of 4338787?
8
What is the hundred thousands digit of 3250595?
2
What is the millions digit of 1564942?
1
What is the tens digit of 2762874?
7
What is the ten thousands digit of 227382?
2
What is the millions digit of 2814747?
2
What is the ten thousands digit of 315276?
1
What is the hundreds digit of 9969442?
4
What is the hundred thousands digit of 11722974?
7
What is the thousands digit of 1333889?
3
What is the millions digit of 2105885?
2
What is the thousands digit of 12380?
2
What is the millions digit of 1392185?
1
What is the units digit of 2960453?
3
What is the hundred thousands digit of 344507?
3
What is the thousands digit of 463937?
3
What is the thousands digit of 1142570?
2
What is the ten thousands digit of 8977301?
7
What is the tens digit of 2702919?
1
What is the thousands digit of 68987?
8
What is the thousands digit of 2878006?
8
What is the hundreds digit of 1416152?
1
What is the ten thousands digit of 29340?
2
What is the tens digit of 2920731?
3
What is the ten thousands digit of 395612?
9
What is the tens digit of 574637?
3
What is the millions digit of 3415542?
3
What is the units digit of 16800907?
7
What is the ten thousands digit of 349352?
4
What is the thousands digit of 529892?
9
What is the tens digit of 1109142?
4
What is the tens digit of 515414?
1
What is the units digit of 9862714?
4
What is the hundred thousands digit of 120784?
1
What is the hundred thousands digit of 333305?
3
What is the tens digit of 99184?
8
What is the hundred thousands digit of 300009?
3
What is the thousands digit of 254767?
4
What is the thousands digit of 36828433?
8
What is the thousands digit of 77063?
7
What is the ten millions digit of 18154617?
1
What is the thousands digit of 169213?
9
What is the units digit of 256385?
5
What is the hundred thousands digit of 1769654?
7
What is the hundreds digit of 325552?
5
What is the ten thousands digit of 5604924?
0
What is the hundreds digit of 17998470?
4
What is the thousands digit of 4715797?
5
What is the tens digit of 312814?
1
What is the thousands digit of 1207933?
7
What is the tens digit of 3378222?
2
What is the units digit of 1397118?
8
What is the hundreds digit of 331629?
6
What is the units digit of 13318371?
1
What is the units digit of 18957838?
8
What is the hundred thousands digit of 121741?
1
What is the thousands digit of 23525778?
5
What is the ten thousands digit of 23191477?
9
What is the ten thousands digit of 11252021?
5
What is the ten thousands digit of 405357?
0
What is the ten thousands digit of 1713637?
1
What is the tens digit of 7089341?
4
What is the thousands digit of 316075?
6
What is the tens digit of 266101?
0
What is the hundreds digit of 135918?
9
What is the hundred thousands digit of 1875250?
8
What is the tens digit of 6197636?
3
What is the hundred thousands digit of 882359?
8
What is the units digit of 22440351?
1
What is the hundreds digit of 10899579?
5
What is the millions digit of 6009509?
6
What is the hundreds digit of 1215995?
9
What is the millions digit of 11707257?
1
What is the tens digit of 77938?
3
What is the hundred thousands digit of 31362250?
3
What is the ten thousands digit of 560713?
6
What is the thousands digit of 182964?
2
What is the thousands digit of 260082?
0
What is the thousands digit of 92933?
2
What is the tens digit of 10541?
4
What is the tens digit of 2609502?
0
What is the tens digit of 87241?
4
What is the hundred thousands digit of 126761?
1
What is the thousands digit of 681797?
1
What is the hundred thousands digit of 461548?
4
What is the hundreds digit of 3311612?
6
What is the thousands digit of 26075625?
5
What is the units digit of 2813185?
5
What is the tens digit of 5865757?
5
What is the hundred thousands digit of 304956?
3
What is the thousands digit of 9680953?
0
What is the tens digit of 723028?
2
What is the ten thousands digit of 1422248?
2
What is the tens digit of 8540085?
8
What is the tens digit of 3410327?
2
What is the thousands digit of 1920240?
0
What is the hundreds digit of 169489?
4
What is the hundred thousands digit of 3988816?
9
What is the tens digit of 1447373?
7
What is the tens digit of 706630?
3
What is the hundreds digit of 898301?
3
What is the thousands digit of 1087970?
7
What is the ten thousands digit of 674969?
7
What is the tens digi